{"id":2,"date":"2019-05-12T01:02:09","date_gmt":"2019-05-11T23:02:09","guid":{"rendered":"http:\/\/pilarsantfrancesc.es\/val\/?page_id=2"},"modified":"2026-01-16T14:00:10","modified_gmt":"2026-01-16T13:00:10","slug":"falles-agrupacio","status":"publish","type":"page","link":"https:\/\/pilarsantfrancesc.es\/val\/falles-agrupacio\/","title":{"rendered":"Falles de l&#8217;Agrupaci\u00f3"},"content":{"rendered":"\n<div class=\"wp-block-columns has-3-columns is-layout-flex wp-container-core-columns-is-layout-9d6595d7 wp-block-columns-is-layout-flex\">\n<div class=\"wp-block-column is-layout-flow wp-block-column-is-layout-flow\">\n<figure class=\"wp-block-image\"><a href=\"https:\/\/www.facebook.com\/murillopalomar1887\" title=\"Falla Murillo i Palomar\" target=\"_blank\" rel=\"noopener noreferrer\"><img data-recalc-dims=\"1\" decoding=\"async\" src=\"https:\/\/i0.wp.com\/pilarsantfrancesc.es\/val\/wp-content\/uploads\/sites\/2\/2026\/02\/Triador-scaled-1.jpgwp-content\/uploads\/sites\/2\/2019\/05\/escudo-murillo-elipse-3.png?w=640&#038;ssl=1\"><\/a><\/figure><h6 style=\"text-align:center; color: rgb(241, 139, 109)\">Falla Murillo i Palomar<\/h6><p style=\"text-align:center; color: rgb(241, 139, 109)\">Fundaci\u00f3: 1862 &#8211; Cens JCF: 8<\/p><ul><li><a href=\"https:\/\/www.facebook.com\/murillopalomar1887\" title=\"Facebook\" target=\"_blank\" rel=\"noopener noreferrer\" style=\"border-color: rgb(241, 139, 109); color: rgb(241, 139, 109)\"><i class=\"fa fa-facebook-square\"><\/i><\/a><\/li><li><a href=\"https:\/\/twitter.com\/murilloipalomar\" title=\"Twitter\" target=\"_blank\" rel=\"noopener noreferrer\" style=\"border-color: rgb(241, 139, 109); color: rgb(241, 139, 109)\"><i class=\"fa fa-twitter-square\"><\/i><\/a><\/li><li><a href=\"https:\/\/www.instagram.com\/murilloipalomar1887\/\" title=\"Instagram\" target=\"_blank\" rel=\"noopener noreferrer\" style=\"border-color: rgb(241, 139, 109); color: rgb(241, 139, 109)\"><i class=\"fa fa-instagram\"><\/i><\/a><\/li><\/ul>\n<\/div>\n\n\n\n<div class=\"wp-block-column is-layout-flow wp-block-column-is-layout-flow\">\n<figure class=\"wp-block-image\"><a href=\"https:\/\/www.fallavelluters.com\" title=\"Falla Avinguda de l'Oest\" target=\"_blank\" rel=\"noopener noreferrer\"><img data-recalc-dims=\"1\" decoding=\"async\" src=\"https:\/\/i0.wp.com\/pilarsantfrancesc.es\/val\/wp-content\/uploads\/sites\/2\/2026\/02\/Triador-scaled-1.jpgwp-content\/uploads\/sites\/2\/2023\/11\/escudo-oeste-elipse-12.png?w=640&#038;ssl=1\"><\/a><\/figure><h6 style=\"text-align:center; color: rgb(241, 210, 4)\">Falla Avinguda de l&#8217;Oest &#8220;Els Velluters&#8221;<\/h6><p style=\"text-align:center; color: rgb(241, 210, 4)\">Fundaci\u00f3: 1949 &#8211; Cens JCF: 10<\/p><ul><li><a href=\"https:\/\/www.facebook.com\/fallavelluters\" title=\"Facebook\" target=\"_blank\" rel=\"noopener noreferrer\" style=\"border-color: rgb(241, 210, 4); color: rgb(241, 210, 4)\"><i class=\"fa fa-facebook-square\"><\/i><\/a><\/li><li><a href=\"https:\/\/www.twitter.com\/velluters2\" title=\"Twitter\" target=\"_blank\" rel=\"noopener noreferrer\" style=\"border-color: rgb(241, 210, 4); color: rgb(241, 210, 4)\"><i class=\"fa fa-twitter-square\"><\/i><\/a><\/li><li><a href=\"https:\/\/www.instagram.com\/fallavelluters\/\" title=\"Instagram\" target=\"_blank\" rel=\"noopener noreferrer\" style=\"border-color: rgb(241, 210, 4); color: rgb(241, 210, 4)\"><i class=\"fa fa-instagram\"><\/i><\/a><\/li><\/ul>\n<\/div>\n\n\n\n<div class=\"wp-block-column is-layout-flow wp-block-column-is-layout-flow\">\n<figure class=\"wp-block-image\"><a href=\"https:\/\/bolseria.blogspot.com\" title=\"Falla Bolseria Tros\u2013Alt\" target=\"_blank\" rel=\"noreferrer noopener\"><img data-recalc-dims=\"1\" decoding=\"async\" src=\"https:\/\/i0.wp.com\/pilarsantfrancesc.es\/val\/wp-content\/uploads\/sites\/2\/2026\/02\/Triador-scaled-1.jpgwp-content\/uploads\/sites\/2\/2023\/11\/escudo-bolseria-elipse-2025.png?w=640&#038;ssl=1\"><\/a><\/figure><h6 style=\"text-align:center; color: rgb(106, 77, 138)\">Falla Bolseria Tros\u2013Alt<\/h6><p style=\"text-align:center; color: rgb(106, 77, 138)\">Fundaci\u00f3: 1858 &#8211; Cens JCF: 15<\/p><ul><li><a href=\"https:\/\/www.facebook.com\/fallabolseria\" title=\"Facebook\" target=\"_blank\" rel=\"noopener noreferrer\" style=\"border-color: rgb(106, 77, 138); color: rgb(106, 77, 138)\"><i class=\"fa fa-facebook-square\"><\/i><\/a><\/li><li><a href=\"https:\/\/www.twitter.com\/FallaBolseria\" title=\"Twitter\" target=\"_blank\" rel=\"noopener noreferrer\" style=\"border-color: rgb(106, 77, 138); color: rgb(106, 77, 138)\"><i class=\"fa fa-twitter-square\"><\/i><\/a><\/li><li><a href=\"https:\/\/www.instagram.com\/fbolseria\" title=\"Instagram\" target=\"_blank\" rel=\"noopener noreferrer\" style=\"border-color: rgb(106, 77, 138); color: rgb(106, 77, 138)\"><i class=\"fa fa-instagram\"><\/i><\/a><\/li><\/ul>\n<\/div>\n<\/div>\n\n\n\n<div class=\"wp-block-columns has-3-columns is-layout-flex wp-container-core-columns-is-layout-9d6595d7 wp-block-columns-is-layout-flex\">\n<div class=\"wp-block-column is-layout-flow wp-block-column-is-layout-flow\">\n<figure class=\"wp-block-image\"><a href=\"https:\/\/fallaquartpalomar.wordpress.com\" title=\"Falla Quart i Palomar\" target=\"_blank\" rel=\"noopener noreferrer\"><img data-recalc-dims=\"1\" decoding=\"async\" src=\"https:\/\/i0.wp.com\/pilarsantfrancesc.es\/val\/wp-content\/uploads\/sites\/2\/2026\/02\/Triador-scaled-1.jpgwp-content\/uploads\/sites\/2\/2019\/05\/escudo-quart-elipse-2.png?w=640&#038;ssl=1\"><\/a><\/figure><h6 style=\"text-align:center; color: rgb(241, 139, 109)\">Falla Quart i Palomar<\/h6><p style=\"text-align:center; color: rgb(241, 139, 109)\">Fundaci\u00f3: 1855 &#8211; Cens JCF: 17<\/p><ul><li><a href=\"https:\/\/www.facebook.com\/fallaquartipalomar\" title=\"Facebook\" target=\"_blank\" rel=\"noopener noreferrer\" style=\"border-color: rgb(241, 139, 109); color: rgb(241, 139, 109)\"><i class=\"fa fa-facebook-square\"><\/i><\/a><\/li><li><a href=\"https:\/\/twitter.com\/quart_i_\" title=\"Twitter\" target=\"_blank\" rel=\"noopener noreferrer\" style=\"border-color: rgb(241, 139, 109); color: rgb(241, 139, 109)\"><i class=\"fa fa-twitter-square\"><\/i><\/a><\/li><li><a href=\"https:\/\/www.instagram.com\/fallaquartpalomar\" title=\"Instagram\" target=\"_blank\" rel=\"noopener noreferrer\" style=\"border-color: rgb(241, 139, 109); color: rgb(241, 139, 109)\"><i class=\"fa fa-instagram\"><\/i><\/a><\/li><\/ul>\n<\/div>\n\n\n\n<div class=\"wp-block-column is-layout-flow wp-block-column-is-layout-flow\">\n<figure class=\"wp-block-image\"><a href=\"https:\/\/www.peudelacreu.org\" title=\"Falla Peu de la Creu\" target=\"_blank\" rel=\"noopener noreferrer\"><img decoding=\"async\" src=\"https:\/\/i0.wp.com\/pilarsantfrancesc.es\/wp-content\/uploads\/2023\/06\/5.-pie-de-la-cruz_elipse-1.png?w=640&#038;ssl=1\"><\/a><\/figure><h6 style=\"text-align:center; color: rgb(241, 210, 4)\">Falla Peu de la Creu \u2013 En Joan de Vilarrasa<\/h6><p style=\"text-align:center; color: rgb(241, 210, 4)\">Fundaci\u00f3: 1874 &#8211; Cens JCF: 29<\/p><ul><li><a href=\"https:\/\/www.facebook.com\/peudelacreu\" title=\"Facebook\" target=\"_blank\" rel=\"noopener noreferrer\" style=\"border-color: rgb(241, 210, 4); color: rgb(241, 210, 4)\"><i class=\"fa fa-facebook-square\"><\/i><\/a><\/li><li><a href=\"https:\/\/www.twitter.com\/Peudelacreu\" title=\"Twitter\" target=\"_blank\" rel=\"noopener noreferrer\" style=\"border-color: rgb(241, 210, 4); color: rgb(241, 210, 4)\"><i class=\"fa fa-twitter-square\"><\/i><\/a><\/li><li><a href=\"https:\/\/www.instagram.com\/fallapeudelacreu\" title=\"Instagram\" target=\"_blank\" rel=\"noopener noreferrer\" style=\"border-color: rgb(241, 210, 4); color: rgb(241, 210, 4)\"><i class=\"fa fa-instagram\"><\/i><\/a><\/li><\/ul>\n<\/div>\n\n\n\n<div class=\"wp-block-column is-layout-flow wp-block-column-is-layout-flow\">\n<figure class=\"wp-block-image\"><a href=\"https:\/\/www.falladelpilar.com\" title=\"Falla Pla\u00e7a del Pilar\" target=\"_blank\" rel=\"noreferrer noopener\"><img data-recalc-dims=\"1\" decoding=\"async\" src=\"https:\/\/i0.wp.com\/pilarsantfrancesc.es\/val\/wp-content\/uploads\/sites\/2\/2026\/02\/Triador-scaled-1.jpgwp-content\/uploads\/sites\/2\/2019\/05\/escudo-pilar-elipse-2.png?w=640&#038;ssl=1\"><\/a><\/figure><h6 style=\"text-align:center; color: rgb(106, 77, 138)\">Falla Pla\u00e7a del Pilar<\/h6><p style=\"text-align:center; color: rgb(106, 77, 138)\">Fundaci\u00f3: 1953 &#8211; Cens JCF: 34<\/p><ul><li><a href=\"https:\/\/www.facebook.com\/falla.plazadelpilar\" title=\"Facebook\" target=\"_blank\" rel=\"noopener noreferrer\" style=\"border-color: rgb(106, 77, 138); color: rgb(106, 77, 138)\"><i class=\"fa fa-facebook-square\"><\/i><\/a><\/li><li><a href=\"https:\/\/www.twitter.com\/FalladelPilar\" title=\"Twitter\" target=\"_blank\" rel=\"noopener noreferrer\" style=\"border-color: rgb(106, 77, 138); color: rgb(106, 77, 138)\"><i class=\"fa fa-twitter-square\"><\/i><\/a><\/li><li><a href=\"https:\/\/www.instagram.com\/Falladelpilar\" title=\"Instagram\" target=\"_blank\" rel=\"noopener noreferrer\" style=\"border-color: rgb(106, 77, 138); color: rgb(106, 77, 138)\"><i class=\"fa fa-instagram\"><\/i><\/a><\/li><\/ul>\n<\/div>\n<\/div>\n\n\n\n<div class=\"wp-block-columns has-3-columns is-layout-flex wp-container-core-columns-is-layout-9d6595d7 wp-block-columns-is-layout-flex\">\n<div class=\"wp-block-column is-layout-flow wp-block-column-is-layout-flow\">\n<figure class=\"wp-block-image\"><a href=\"https:\/\/ftriador.wordpress.com\" title=\"Falla G. Castro - Triador\" target=\"_blank\" rel=\"noopener noreferrer\"><img data-recalc-dims=\"1\" decoding=\"async\" src=\"https:\/\/i0.wp.com\/pilarsantfrancesc.es\/val\/wp-content\/uploads\/sites\/2\/2026\/02\/Triador-scaled-1.jpgwp-content\/uploads\/sites\/2\/2019\/05\/escudo-triador-elipse-2.png?w=640&#038;ssl=1\"><\/a><\/figure><h6 style=\"text-align:center; color: rgb(241, 139, 109)\">Falla Guillem de Castro, Triador i Sant Pere Pasqual<\/h6><p style=\"text-align:center; color: rgb(241, 139, 109)\">Fundaci\u00f3: 1900 &#8211; Cens JCF: 36<\/p><ul><li><a href=\"https:\/\/www.facebook.com\/Falla.GCastroTriador\" title=\"Facebook\" target=\"_blank\" rel=\"noopener noreferrer\" style=\"border-color: rgb(241, 139, 109); color: rgb(241, 139, 109)\"><i class=\"fa fa-facebook-square\"><\/i><\/a><\/li><li><a href=\"https:\/\/www.twitter.com\/fallatriador\" title=\"Twitter\" target=\"_blank\" rel=\"noopener noreferrer\" style=\"border-color: rgb(241, 139, 109); color: rgb(241, 139, 109)\"><i class=\"fa fa-twitter-square\"><\/i><\/a><\/li><li><a href=\"https:\/\/www.instagram.com\/fallatriador\" title=\"Instagram\" target=\"_blank\" rel=\"noopener noreferrer\" style=\"border-color: rgb(241, 139, 109); color: rgb(241, 139, 109)\"><i class=\"fa fa-instagram\"><\/i><\/a><\/li><\/ul>\n<\/div>\n\n\n\n<div class=\"wp-block-column is-layout-flow wp-block-column-is-layout-flow\">\n<figure class=\"wp-block-image\"><a href=\"https:\/\/www.fallasanvicente.es\" title=\"Falla Sant Vicent - P. Azzati\" target=\"_blank\" rel=\"noopener noreferrer\"><img data-recalc-dims=\"1\" decoding=\"async\" src=\"https:\/\/i0.wp.com\/pilarsantfrancesc.es\/val\/wp-content\/uploads\/sites\/2\/2026\/02\/Triador-scaled-1.jpgwp-content\/uploads\/sites\/2\/2019\/05\/escudo-svicente-elipse-1.png?w=640&#038;ssl=1\"><\/a><\/figure><h6 style=\"text-align:center; color: rgb(241, 210, 4)\">Falla Sant Vicent \u2013 Periodiste Azzati i Padilla<\/h6><p style=\"text-align:center; color: rgb(241, 210, 4)\">Fundaci\u00f3: 1917 &#8211; Cens JCF: 89<\/p><ul><li><a href=\"https:\/\/www.facebook.com\/Falla-San-Vicente-Periodista-Azzati-1482583925293846\/?ref=br_rs\" title=\"Facebook\" target=\"_blank\" rel=\"noopener noreferrer\" style=\"border-color: rgb(241, 210, 4); color: rgb(241, 210, 4)\"><i class=\"fa fa-facebook-square\"><\/i><\/a><\/li><li><a href=\"https:\/\/www.twitter.com\/svicente_azzati\" title=\"Twitter\" target=\"_blank\" rel=\"noopener noreferrer\" style=\"border-color: rgb(241, 210, 4); color: rgb(241, 210, 4)\"><i class=\"fa fa-twitter-square\"><\/i><\/a><\/li><li><a href=\"https:\/\/www.instagram.com\/fallasanvicente\" title=\"Instagram\" target=\"_blank\" rel=\"noopener noreferrer\" style=\"border-color: rgb(241, 210, 4); color: rgb(241, 210, 4)\"><i class=\"fa fa-instagram\"><\/i><\/a><\/li><\/ul>\n<\/div>\n\n\n\n<div class=\"wp-block-column is-layout-flow wp-block-column-is-layout-flow\">\n<figure class=\"wp-block-image\"><a href=\"https:\/\/www.facebook.com\/Falla-El-Tro-70473679601\" title=\"Falla En Sendra - Pla\u00e7a Coll\" target=\"_blank\" rel=\"noreferrer noopener\"><img decoding=\"async\" src=\"https:\/\/i0.wp.com\/pilarsantfrancesc.es\/wp-content\/uploads\/2019\/05\/9.-el-tro_elipse.png?w=640&#038;ssl=1\"><\/a><\/figure><h6 style=\"text-align:center; color: rgb(106, 77, 138)\">Falla En Sendra \u2013 Pla\u00e7a Coll &#8220;El Tro&#8221;<\/h6><p style=\"text-align:center; color: rgb(106, 77, 138)\">Fundaci\u00f3: 1940 &#8211; Cens JCF: 92<\/p><ul><li><a href=\"https:\/\/www.facebook.com\/Falla-El-Tro-70473679601\" title=\"Facebook\" target=\"_blank\" rel=\"noopener noreferrer\" style=\"border-color: rgb(106, 77, 138); color: rgb(106, 77, 138)\"><i class=\"fa fa-facebook-square\"><\/i><\/a><\/li><li><a href=\"https:\/\/www.instagram.com\/fallaensendraplazacolleltro\/\" title=\"Instagram\" target=\"_blank\" rel=\"noopener noreferrer\" style=\"border-color: rgb(106, 77, 138); color: rgb(106, 77, 138)\"><i class=\"fa fa-instagram\"><\/i><\/a><\/li><\/ul>\n<\/div>\n<\/div>\n\n\n\n<div class=\"wp-block-columns has-3-columns is-layout-flex wp-container-core-columns-is-layout-9d6595d7 wp-block-columns-is-layout-flex\">\n<div class=\"wp-block-column is-layout-flow wp-block-column-is-layout-flow\">\n<figure class=\"wp-block-image\"><a href=\"https:\/\/www.facebook.com\/Falla-En-Plom-Guillem-de-Castro-124880107549658\" title=\"Falla En Plom i G. de Castro\" target=\"_blank\" rel=\"noopener noreferrer\"><img data-recalc-dims=\"1\" decoding=\"async\" src=\"https:\/\/i0.wp.com\/pilarsantfrancesc.es\/val\/wp-content\/uploads\/sites\/2\/2026\/02\/Triador-scaled-1.jpgwp-content\/uploads\/sites\/2\/2019\/05\/escudo-enplom-elipse-1.png?w=640&#038;ssl=1\"><\/a><\/figure><h6 style=\"text-align:center; color: rgb(241, 139, 109)\">Falla En Plom i<br>Guillem de Castro<\/h6><p style=\"text-align:center; color: rgb(241, 139, 109)\">Fundaci\u00f3: 1947 &#8211; Cens JCF: 167<\/p><ul><li><a href=\"https:\/\/www.facebook.com\/alla-En-Plom-Guillem-de-Castro-124880107549658\" title=\"Facebook\" target=\"_blank\" rel=\"noopener noreferrer\" style=\"border-color: rgb(241, 139, 109); color: rgb(241, 139, 109)\"><i class=\"fa fa-facebook-square\"><\/i><\/a><\/li><li><a href=\"https:\/\/www.twitter.com\/EnPlom\" title=\"Twitter\" target=\"_blank\" rel=\"noopener noreferrer\" style=\"border-color: rgb(241, 139, 109); color: rgb(241, 139, 109)\"><i class=\"fa fa-twitter-square\"><\/i><\/a><\/li><li><a href=\"https:\/\/www.instagram.com\/fallaenplomguillemdecastro\" title=\"Instagram\" target=\"_blank\" rel=\"noopener noreferrer\" style=\"border-color: rgb(241, 139, 109); color: rgb(241, 139, 109)\"><i class=\"fa fa-instagram\"><\/i><\/a><\/li><\/ul>\n<\/div>\n\n\n\n<div class=\"wp-block-column is-layout-flow wp-block-column-is-layout-flow\">\n<figure class=\"wp-block-image\"><a href=\"https:\/\/www.facebook.com\/profile.php?id=100000765101179\" title=\"Falla Guillem Sorolla i Recaredo\" target=\"_blank\" rel=\"noopener noreferrer\"><img decoding=\"async\" src=\"https:\/\/i0.wp.com\/pilarsantfrancesc.es\/wp-content\/uploads\/2019\/06\/11.-g.-sorolla_elipse-1.png?w=640&#038;ssl=1\"><\/a><\/figure><h6 style=\"text-align:center; color: rgb(241, 210, 4)\">Falla Guillem Sorolla<br>i Recaredo<\/h6><p style=\"text-align:center; color: rgb(241, 210, 4)\">Fundaci\u00f3: 1888 &#8211; Cens JCF: 196<\/p><ul><li><a href=\"https:\/\/www.facebook.com\/guillemsorolla\" title=\"Facebook\" target=\"_blank\" rel=\"noopener noreferrer\" style=\"border-color: rgb(241, 210, 4); color: rgb(241, 210, 4)\"><i class=\"fa fa-facebook-square\"><\/i><\/a><\/li><li><a href=\"https:\/\/www.twitter.com\/FGuillemSor_Rec\" title=\"Twitter\" target=\"_blank\" rel=\"noopener noreferrer\" style=\"border-color: rgb(241, 210, 4); color: rgb(241, 210, 4)\"><i class=\"fa fa-twitter-square\"><\/i><\/a><\/li><li><a href=\"https:\/\/www.instagram.com\/fallaguillemsorolla_recaredo\" title=\"Instagram\" target=\"_blank\" rel=\"noopener noreferrer\" style=\"border-color: rgb(241, 210, 4); color: rgb(241, 210, 4)\"><i class=\"fa fa-instagram\"><\/i><\/a><\/li><\/ul>\n<\/div>\n\n\n\n<div class=\"wp-block-column is-layout-flow wp-block-column-is-layout-flow\">\n<figure class=\"wp-block-image\"><a href=\"https:\/\/fallatelefonica.es\" title=\"Falla Ribera \u2013 Convent Santa Clara\" target=\"_blank\" rel=\"noreferrer noopener\"><img data-recalc-dims=\"1\" decoding=\"async\" src=\"https:\/\/i0.wp.com\/pilarsantfrancesc.es\/val\/wp-content\/uploads\/sites\/2\/2026\/02\/Triador-scaled-1.jpgwp-content\/uploads\/sites\/2\/2019\/05\/escudo-telefonica-elipse-9.png?w=640&#038;ssl=1\"><\/a><\/figure><h6 style=\"text-align:center; color: rgb(106, 77, 138)\">Falla Ribera \u2013 Convent Santa Clara &#8220;Telef\u00f2nica&#8221;<\/h6><p style=\"text-align:center; color: rgb(106, 77, 138)\">Fundaci\u00f3: 1972 &#8211; Cens JCF: 242<\/p><ul><li><a href=\"https:\/\/www.facebook.com\/fallatelefonica\" title=\"Facebook\" target=\"_blank\" rel=\"noopener noreferrer\" style=\"border-color: rgb(106, 77, 138); color: rgb(106, 77, 138)\"><i class=\"fa fa-facebook-square\"><\/i><\/a><\/li><li><a href=\"https:\/\/www.twitter.com\/fallatelefonica\" title=\"Twitter\" target=\"_blank\" rel=\"noopener noreferrer\" style=\"border-color: rgb(106, 77, 138); color: rgb(106, 77, 138)\"><i class=\"fa fa-twitter-square\"><\/i><\/a><\/li><li><a href=\"https:\/\/www.instagram.com\/fallariberacvtostaclara\" title=\"Instagram\" target=\"_blank\" rel=\"noopener noreferrer\" style=\"border-color: rgb(106, 77, 138); color: rgb(106, 77, 138)\"><i class=\"fa fa-instagram\"><\/i><\/a><\/li><\/ul>\n<\/div>\n<\/div>\n\n\n\n<p>Ubicaci\u00f3 dels seus casals i el lloc de la plant\u00e0 de les seues falles:<\/p>\n\n\n\n<hr class=\"wp-block-separator has-css-opacity\"\/>\n\n\n\n<iframe loading=\"lazy\" src=\"https:\/\/www.google.com\/maps\/d\/u\/0\/embed?mid=1HO0C0M96OE6scl0u7KQR1233xg66sTUE&#038;ehbc=2E312F\" width=\"640\" height=\"480\"><\/iframe>\n","protected":false},"excerpt":{"rendered":"<p>Falla Murillo i Palomar Fundaci\u00f3: 1862 &#8211; Cens JCF: 8 Falla Avinguda de l&#8217;Oest &#8220;Els Velluters&#8221; Fundaci\u00f3: 1949 &#8211; Cens JCF: 10 Falla Bolseria Tros\u2013Alt Fundaci\u00f3: 1858 &#8211; Cens JCF: 15 Falla Quart i Palomar Fundaci\u00f3: 1855 &#8211; Cens JCF: 17 Falla Peu de la Creu \u2013 En Joan de Vilarrasa Fundaci\u00f3: 1874 &#8211; Cens [&hellip;]<\/p>\n","protected":false},"author":6,"featured_media":0,"parent":0,"menu_order":0,"comment_status":"closed","ping_status":"closed","template":"","meta":{"_monsterinsights_skip_tracking":false,"_monsterinsights_sitenote_active":false,"_monsterinsights_sitenote_note":"","_monsterinsights_sitenote_category":0,"jetpack_post_was_ever_published":false,"footnotes":""},"class_list":["post-2","page","type-page","status-publish","hentry"],"aioseo_notices":[],"jetpack-related-posts":[{"id":199,"url":"https:\/\/pilarsantfrancesc.es\/val\/historia\/","url_meta":{"origin":2,"position":0},"title":"Hist\u00f2ria","author":"imacuchc","date":"26 Maig, 2019","format":false,"excerpt":"En\u00a01984-1985, es va formar definitivament el\u00a0Sector El Pilar Sant Francesc\u00a0en 13 comissions, gr\u00e0cies a un anteproyecte de l\u2019Ajuntament que va convertir el\u00a0Sector Quint i el\u00a0Sector del Mercat en el\u00a0Sector del barri 1.4 El Pilar i el\u00a0Sector del barri 1.6 Sant Francesc que acabaren juntant-se. Les 13 falles que en l\u2019any\u2026","rel":"","context":"Similar post","block_context":{"text":"Similar post","link":""},"img":{"alt_text":"","src":"https:\/\/i0.wp.com\/pilarsantfrancesc.es\/val\/wp-content\/uploads\/sites\/2\/2021\/10\/25-aniversari-saepsf-27-scaled.jpeg?resize=350%2C200","width":350,"height":200,"srcset":"https:\/\/i0.wp.com\/pilarsantfrancesc.es\/val\/wp-content\/uploads\/sites\/2\/2021\/10\/25-aniversari-saepsf-27-scaled.jpeg?resize=350%2C200 1x, https:\/\/i0.wp.com\/pilarsantfrancesc.es\/val\/wp-content\/uploads\/sites\/2\/2021\/10\/25-aniversari-saepsf-27-scaled.jpeg?resize=525%2C300 1.5x, https:\/\/i0.wp.com\/pilarsantfrancesc.es\/val\/wp-content\/uploads\/sites\/2\/2021\/10\/25-aniversari-saepsf-27-scaled.jpeg?resize=700%2C400 2x, https:\/\/i0.wp.com\/pilarsantfrancesc.es\/val\/wp-content\/uploads\/sites\/2\/2021\/10\/25-aniversari-saepsf-27-scaled.jpeg?resize=1050%2C600 3x, https:\/\/i0.wp.com\/pilarsantfrancesc.es\/val\/wp-content\/uploads\/sites\/2\/2021\/10\/25-aniversari-saepsf-27-scaled.jpeg?resize=1400%2C800 4x"},"classes":[]},{"id":361,"url":"https:\/\/pilarsantfrancesc.es\/val\/esbossos\/any-2019\/","url_meta":{"origin":2,"position":1},"title":"Any 2019","author":"imacuchc","date":"26 Maig, 2019","format":false,"excerpt":"Ac\u00ed teniu els esbossos que es varen presentar en la nostra Agrupaci\u00f3 el 5 de decembre de 2018 en l'VIII Exposici\u00f3 d'Esbossos de l'Agrupaci\u00f3. I tamb\u00e9 podeu vore les fotos dels monuments que es varen plantar en les nostres demarcacions del 15 al 19 de mar\u00e7: (Fotos de CENDRA DIGITAL)\u2026","rel":"","context":"Similar post","block_context":{"text":"Similar post","link":""},"img":{"alt_text":"","src":"","width":0,"height":0},"classes":[]},{"id":7124,"url":"https:\/\/pilarsantfrancesc.es\/val\/esbossos\/any-2018\/","url_meta":{"origin":2,"position":2},"title":"Any 2018","author":"imacuchc","date":"27 Juliol, 2020","format":false,"excerpt":"Ac\u00ed teniu els esbossos que es varen presentar en la nostra Agrupaci\u00f3 e l'1 de decembre de 2017 en la VII Exposici\u00f3 d'Esbossos de l'Agrupaci\u00f3. I tamb\u00e9 podeu vore les fotos dels monuments que es varen plantar en les nostres demarcacions del 15 al 19 de mar\u00e7 de 2018: (Fotos\u2026","rel":"","context":"Similar post","block_context":{"text":"Similar post","link":""},"img":{"alt_text":"","src":"","width":0,"height":0},"classes":[]},{"id":10867,"url":"https:\/\/pilarsantfrancesc.es\/val\/millors-ninots-seccio-indultats-aepsf\/","url_meta":{"origin":2,"position":3},"title":"Millors Ninots de Secci\u00f3 i Indultats de l&#8217;AEPSF","author":"imacuchc","date":"17 Setembre, 2023","format":false,"excerpt":"De l'any 2025 a 1992 Any 2025 Ninot Infantil Premi al Ninot Infantil en m\u00e9s Ingeni i Gr\u00e0cia Falla Quart i PalomarArtiste: Rub\u00e9n CanetLema: BUTR\u00cdCIA. La princesa que detestava l'higiene.Secci\u00f3: Novena Ninots Grans Premi al Millor Ninot de Secci\u00f3 Tamb\u00e9 guanya el Premi al ninot en m\u00e9s Ingeni i Gr\u00e1ciaFalla\u2026","rel":"","context":"Similar post","block_context":{"text":"Similar post","link":""},"img":{"alt_text":"","src":"https:\/\/i0.wp.com\/pilarsantfrancesc.es\/val\/wp-content\/uploads\/sites\/2\/2023\/09\/ninot25_196g.jpg?resize=350%2C200&ssl=1","width":350,"height":200,"srcset":"https:\/\/i0.wp.com\/pilarsantfrancesc.es\/val\/wp-content\/uploads\/sites\/2\/2023\/09\/ninot25_196g.jpg?resize=350%2C200&ssl=1 1x, https:\/\/i0.wp.com\/pilarsantfrancesc.es\/val\/wp-content\/uploads\/sites\/2\/2023\/09\/ninot25_196g.jpg?resize=525%2C300&ssl=1 1.5x"},"classes":[]},{"id":10608,"url":"https:\/\/pilarsantfrancesc.es\/val\/esbossos\/any-2014\/","url_meta":{"origin":2,"position":4},"title":"Any 2014","author":"imacuchc","date":"12 Agost, 2023","format":false,"excerpt":"Ac\u00ed teniu els esbossos que es varen presentar en la nostra Agrupaci\u00f3 del 1 al 3 de decembre de 2013 en la\u00a0IV Exposici\u00f3 d'Esbossos de l'Agrupaci\u00f3. I tamb\u00e9 podeu vore les fotos dels monuments que es varen plantar en les nostres demarcacions del 15 al 19 de mar\u00e7 de 2014:\u2026","rel":"","context":"Similar post","block_context":{"text":"Similar post","link":""},"img":{"alt_text":"","src":"","width":0,"height":0},"classes":[]},{"id":7265,"url":"https:\/\/pilarsantfrancesc.es\/val\/esbossos\/any-2016\/","url_meta":{"origin":2,"position":5},"title":"Any 2016","author":"imacuchc","date":"7 Mar\u00e7, 2021","format":false,"excerpt":"Ac\u00ed teniu els esbossos que es varen presentar en la nostra Agrupaci\u00f3 el 27 de novembre de 2015 en la\u00a0V Exposici\u00f3 d'Esbossos de l'Agrupaci\u00f3. I tamb\u00e9 podeu vore les fotografies dels monuments que es varen plantar en les nostres demarcacions del 15 al 19 de mar\u00e7 de 2016: (Fotos de\u00a0CENDRA\u2026","rel":"","context":"Similar post","block_context":{"text":"Similar post","link":""},"img":{"alt_text":"","src":"","width":0,"height":0},"classes":[]}],"jetpack_sharing_enabled":true,"_links":{"self":[{"href":"https:\/\/pilarsantfrancesc.es\/val\/wp-json\/wp\/v2\/pages\/2","targetHints":{"allow":["GET"]}}],"collection":[{"href":"https:\/\/pilarsantfrancesc.es\/val\/wp-json\/wp\/v2\/pages"}],"about":[{"href":"https:\/\/pilarsantfrancesc.es\/val\/wp-json\/wp\/v2\/types\/page"}],"author":[{"embeddable":true,"href":"https:\/\/pilarsantfrancesc.es\/val\/wp-json\/wp\/v2\/users\/6"}],"replies":[{"embeddable":true,"href":"https:\/\/pilarsantfrancesc.es\/val\/wp-json\/wp\/v2\/comments?post=2"}],"version-history":[{"count":113,"href":"https:\/\/pilarsantfrancesc.es\/val\/wp-json\/wp\/v2\/pages\/2\/revisions"}],"predecessor-version":[{"id":12260,"href":"https:\/\/pilarsantfrancesc.es\/val\/wp-json\/wp\/v2\/pages\/2\/revisions\/12260"}],"wp:attachment":[{"href":"https:\/\/pilarsantfrancesc.es\/val\/wp-json\/wp\/v2\/media?parent=2"}],"curies":[{"name":"wp","href":"https:\/\/api.w.org\/{rel}","templated":true}]}}