{"id":507,"date":"2019-06-04T05:45:10","date_gmt":"2019-06-04T03:45:10","guid":{"rendered":"http:\/\/pilarsantfrancesc.es\/val\/?page_id=507"},"modified":"2026-01-16T14:02:01","modified_gmt":"2026-01-16T13:02:01","slug":"politica-privacitat","status":"publish","type":"page","link":"https:\/\/pilarsantfrancesc.es\/val\/politica-privacitat\/","title":{"rendered":"Pol\u00edtica de privacitat"},"content":{"rendered":"\n<p style=\"text-align:justify\">L&#8217;Agrupaci\u00f3 El Pilar Sant Francesc (en avant, el &#8220;TITULAR&#8221;), t&#8217;informa sobre la seua Pol\u00edtica de Privacitat respecte al tractament i protecci\u00f3 de les senyes de car\u00e0cter personal dels usuaris i clients que puguen ser recaptats per la navegaci\u00f3 o contrataci\u00f3 de servicis a trav\u00e9s del lloc web <a href=\"https:\/\/pilarsantfrancesc.es\/val\">https:\/\/pilarsantfrancesc.es\/val<\/a> (en avant, LA WEB).<\/p>\n\n\n\n<p style=\"text-align:justify\">En este sentit, el TITULAR, garantisa el compliment de la normativa vigent en mat\u00e8ria de protecci\u00f3 de senyes personals, reflectida en la Llei Org\u00e0nica 3\/2018, de 5 de decembre, de Protecci\u00f3 de Senyes Personals i de Garantia de Drets Digitals (LOPD GDD). Complix tamb\u00e9 en el Reglament (UE) 2016\/679 del Parlament Europeu i del Consell de 27 d&#8217;abril de 2016 relatiu a la protecci\u00f3 de les persones f\u00edsiques (RGPD).<\/p>\n\n\n\n<p style=\"text-align:justify\">L&#8217;us de LA WEB implica l&#8217;acceptaci\u00f3 d&#8217;esta Pol\u00edtica de Privacitat.<\/p>\n\n\n\n<h4 class=\"wp-block-heading\">1. Identitat del responsable<\/h4>\n\n\n\n<ul class=\"wp-block-list\">\n<li><strong>Titular:<\/strong>&nbsp;Agrupaci\u00f3 El Pilar Sant Francesc.<\/li>\n\n\n\n<li><strong>NIF:<\/strong>&nbsp;G46896916.<\/li>\n\n\n\n<li><strong>Correu electr\u00f2nic:<\/strong>&nbsp;<a href=\"mailto:presidencia@pilarsantfrancesc.com\">presidencia@pilarsantfrancesc.es<\/a><\/li>\n\n\n\n<li><strong>Lloc Web:<\/strong>&nbsp;<a href=\"https:\/\/pilarsantfrancesc.es\/val\">https:\/\/pilarsantfrancesc.es\/val<\/a><\/li>\n<\/ul>\n\n\n\n<h4 class=\"wp-block-heading\">2. Principis aplicats en el tractament de senyes<\/h4>\n\n\n\n<p style=\"text-align:justify\">En el tractament de les teues senyes personals, el TITULAR aplicar\u00e0 els seg\u00fcents principis que s&#8217;ajusten a les exig\u00e8ncies del nou reglament europeu de protecci\u00f3 de senyes:<\/p>\n\n\n\n<ul style=\"text-align:justify\"><li><strong>Principi de licitut, llealtat i transpar\u00e8ncia: <\/strong>El TITULAR sempre requerir\u00e0 el consentiment per al tractament de les teues senyes personals que pot ser per a un o varis fins espec\u00edfics sobre els que t&#8217;informar\u00e0 pr\u00e8viament en absoluta transpar\u00e8ncia.<\/li><li><strong>Principi de minimisaci\u00f3 de senyes:<\/strong> El TITULAR et solicitar\u00e0 solament les senyes estrictament necess\u00e0ries per al fi o els fins que els solicita.<\/li><li><strong>Principi de llimitaci\u00f3 del determini de conservaci\u00f3:<\/strong> El TITULAR mantindr\u00e0 les senyes personals recaptades durant el temps estrictament necessari per al fi o els fins del tractament. Informar\u00e0 a l&#8217;USUARI del determini de conservaci\u00f3 corresponent segons la finalitat. En el cas de subscripcions, el TITULAR revisar\u00e0 peri\u00f2dicament les llistes i eliminar\u00e0 aquells registres inactius durant un temps considerable.<\/li><li><strong>Principi d&#8217;integritat i confidencialitat:<\/strong>  Les senyes personals recaptades seran tractats de tal manera que la seua seguritat, confidencialitat i integritat estiga garantisada.<\/li><\/ul>\n\n\n\n<p style=\"text-align:justify\">El TITULAR pren les precaucions necess\u00e0ries per a evitar l&#8217;acc\u00e9s no autorisat o us indegut de les senyes dels seus usuaris per part de tercers.<\/p>\n\n\n\n<h4 class=\"wp-block-heading\">3. Obtenci\u00f3 de senyes personals<\/h4>\n\n\n\n<p style=\"text-align:justify\">Per a navegar  per LA WEB no \u00e9s necessari que facilite cap senya personal.<\/p>\n\n\n\n<p style=\"text-align:justify\">Els casos en els que s\u00ed proporciona les seues senyes personals s\u00f3n els seg\u00fcents:<\/p>\n\n\n\n<ul style=\"text-align:justify\"><li>En contactar a trav\u00e9s dels formularis de contacte o en enviar un correu electr\u00f2nic.<\/li><li>En realisar un comentari en un art\u00edcul o p\u00e0gina.<\/li><\/ul>\n\n\n\n<h4 class=\"wp-block-heading\">4. Drets<\/h4>\n\n\n\n<p style=\"text-align:justify\">El TITULAR l&#8217;informa que sobre les seues senyes personals t\u00e9 dret a:<\/p>\n\n\n\n<ul class=\"wp-block-list\">\n<li>Solicitar l&#8217;acc\u00e8s a senyes almagassenades.<\/li>\n\n\n\n<li>Solicitar rectificaci\u00f3 o la cancelaci\u00f3.<\/li>\n\n\n\n<li>Solicitar la limitaci\u00f3n del seu tractament.<\/li>\n\n\n\n<li>Opondre&#8217;s al tractament.<\/li>\n<\/ul>\n\n\n\n<p style=\"text-align:justify\">No pot eixercitar el dret a la portabilitat de les senyes.<\/p>\n\n\n\n<p style=\"text-align:justify\">L&#8217;eixercici d&#8217;estos drets \u00e9s personal i, per tant, deu ser eixercit directament per l&#8217;interessat, solicitant-ho directament al TITULAR, lo que significa que qualsevol client, subscriptor o colaborador que haja facilitat les seues senyes en algun moment, pot dirigir-se al TITULAR i demanar informaci\u00f3 sobre les senyes que t\u00e9 almagasenats i c\u00f3m els ha obtingut, solicitar la rectificaci\u00f3 dels mateixos, opondre&#8217;s al tractament, llimitar el seu us o solicitar la cancelaci\u00f3 d&#8217;eixes senyes en els fichers del TITULAR.<\/p>\n\n\n\n<p style=\"text-align:justify\">Per a eixercitar els seus drets d&#8217;acc\u00e9s, rectificaci\u00f3, cancelaci\u00f3 i oposici\u00f3 t\u00e9 que enviar un correu electr\u00f2nic a <a href=\"mailto:@presidencia@pilarsantfrancesc.es\">presidencia@pilarsantfrancesc.es<\/a> junt en la prova v\u00e0lida en dret com una fotoc\u00f2pia del N.I.F. o equivalent.<\/p>\n\n\n\n<p style=\"text-align:justify\">T\u00e9 dret a la tutela judicial efectiva i a presentar una reclamaci\u00f3 davant l&#8217;autoritat de control, en este cas, l&#8217;Ag\u00e8ncia Espanyola de Protecci\u00f3 de Senyes, si considera que el tractament de senyes personals que li concernixen infringix el Reglament.<\/p>\n\n\n\n<h4 class=\"wp-block-heading\">5. Finalitat del tractament de senyes personals<\/h4>\n\n\n\n<p style=\"text-align:justify\">Quan se conectea a LA WEB per a manar un correu al TITULAR, se subscriu al seu bollet\u00ed o realisa una contractaci\u00f3, est\u00e0 facilitant informaci\u00f3 de car\u00e0cter personal de la que el responsable \u00e9s el TITULAR. Esta informaci\u00f3 pot incloure senyes de car\u00e0cter personal com poden ser la seua direcci\u00f3 IP, nom i llinages, direcci\u00f3 f\u00edsica, direcci\u00f3 de correu electr\u00f2nic, n\u00famero de tel\u00e9fon, i una atra informaci\u00f3. En facilitar esta informaci\u00f3, dona el seu consentiment per a que la seua informaci\u00f3 siga recopilada, utilisada, gestionada i almagasenada per \u2014<a href=\"https:\/\/@www.hostinger.es\">Hostinger<\/a>\u2014<\/p>\n\n\n\n<p style=\"text-align:justify\">Les senyes personals i la finalitat del tractament per part del TITULAR \u00e9s diferent segons el sistema de captura d&#8217;informaci\u00f3:<\/p>\n\n\n\n<ul style=\"text-align:justify\"><li><strong>Formularis de contacte:<\/strong> El TITULAR solicita senyes personals entre els que poden estar: Nom i llinages, direcci\u00f3 de correu electr\u00f2nic, n\u00famero de tel\u00e9fon i direcci\u00f3 de lloc Web en la finalitat de respondre les consultes dels Usuaris.<br>Per eixemple, el TITULAR utilisa eixes senyes per a donar resposta a mensages, dubtes, queixes, comentaris o inquietuts que poden tindre els USUARIS relatives a l&#8217;informaci\u00f3 inclosa en LA WEB, el tractament de les senyes personals, q\u00fcestions referents als texts llegals inclosos en LA WEB, aixina com qualsevol atra consulta que l&#8217;USUARI puga tindre i que no estiga subjecta a les condicions del lloc Web o de la contractaci\u00f3.<\/li><\/ul>\n\n\n\n<p style=\"text-align:justify\">Existixen atres finalitats per les que el TITULAR tracta senyes personals:<\/p>\n\n\n\n<ul style=\"text-align:justify\"><li><strong>Per a garantisar el compliment de les condicions arreplegades en la llei aplicable.<\/strong> A\u00e7\u00f2 pot incloure el desenroll de ferramentes i algoritmes que ajuden a LA WEB a garantisar la confidencialitat de les senyes personals que arreplega.<\/li><li><strong>Per a recolzar i millorar els servicis que oferix LA WEB.<\/strong><\/li><li><strong>Per a gestionar les rets socials.<\/strong> El TITULAR t\u00e9 pres\u00e8ncia en rets socials. Si et fas seguidor en les rets socials del TITULAR el tractament de les senyes personals es regir\u00e0 per este apartat, aixina com per aquelles condicions d&#8217;us, pol\u00edtiques de privacitat i normatives d&#8217;acc\u00e9s que pertanyguen a la ret social que procedixca en cada cas i que has acceptat pr\u00e8viament.<br>Pots consultar les politiquees de privacitat de les principals rets socials en estos enlla\u00e7os:<\/li><ul><li><a href=\"https:\/\/@www.facebook.com\/help\/cookies\" rel=\"noreferrer noopener\" target=\"_blank\">Facebook<\/a><\/li><li><a href=\"https:\/\/@www.instagram.com\/legal\/privacy\/\" rel=\"noreferrer noopener\" target=\"_blank\">Instagram<\/a><\/li><li><a href=\"https:\/\/www.tiktok.com\/legal\/page\/eea\/privacy-policy\/es\" rel=\"noreferrer noopener\" target=\"_blank\">TikTok<\/a><li><a href=\"https:\/\/twitter.com\/privacy\" rel=\"noreferrer noopener\" target=\"_blank\">Twitter<\/a><\/li><li><a href=\"https:\/\/@www.youtube.com\/privacy\" rel=\"noreferrer noopener\" target=\"_blank\">YouTube<\/a><\/li><\/ul><\/ul>\n\n\n\n<p style=\"text-align:justify\">El TITULAR tractar\u00e0 les seues senyes personals en la finalitat d&#8217;administrar correctament la seua pres\u00e8ncia en la ret social, informar-li de les seues activitats, productes o servicis, aixina com per a qualsevol atra finalitat que les normatives de les rets socials permeten.<\/p>\n\n\n\n<p style=\"text-align:justify\">En cap cas el TITULAR utilisar\u00e0 els perfils de seguidors en rets socials per a enviar publicitat de manera individual.<\/p>\n\n\n\n<h4 class=\"wp-block-heading\">6. Seguritat de les senyes personals<\/h4>\n\n\n\n<p style=\"text-align:justify\">Per a protegir les teues senyes personals, el TITULAR pren totes les precaucions raonables i seguix les millors pr\u00e0ctiques de l&#8217;ind\u00fastria per a evitar la seua p\u00e8rdua, mal us, acc\u00e9s indegut, divulgaci\u00f3, alteraci\u00f3 o destrucci\u00f3 dels mateixos.<\/p>\n\n\n\n<p style=\"text-align:justify\">LA WEB est\u00e0 estajat en <a href=\"https:\/\/www.hostinger.es\/\">Hostinger<\/a>. La seguritat de les senyes est\u00e0 garantisada, ya que prenen totes les mesures de seguritat necess\u00e0ries per a aix\u00f2. Pots consultar la seua pol\u00edtica de privacitat per a tindre m\u00e9s informaci\u00f3.<\/p>\n\n\n\n<p style=\"text-align:justify\">El TITULAR informa a l&#8217;USUARI de que les seues senyes personals no seran cedits a terceres organisacions, en la salvetat de que dita cessi\u00f3 de senyes estiga amparada en una obligaci\u00f3 llegal o quan la prestaci\u00f3 d&#8217;un servici implique la necessitat d&#8217;una relaci\u00f3 contractual en un encarregat de tractament. En este \u00faltim cas, solament es portar\u00e0 a terme la cessi\u00f3 de senyes al tercer quan el TITULAR disponga del consentiment expresse de l&#8217;USUARI.<\/p>\n\n\n\n<p style=\"text-align:justify\">No obstant, en alguns casos es poden realisar colaboracions en atres professionals, en eixos casos, es requerir\u00e0 consentiment a l&#8217;USUARI informant sobre l&#8217;identitat del colaborador i la finalitat de la colaboraci\u00f3. Sempre es realisar\u00e0 en els m\u00e9s estrictes est\u00e0ndarts de seguritat.<\/p>\n\n\n\n<h4 class=\"wp-block-heading\">7. Contingut d&#8217;atres llocs Web<\/h4>\n\n\n\n<p style=\"text-align:justify\">Les p\u00e0gines de LA WEB poden incloure contingut incrustat (per eixemple, v\u00eddeos, im\u00e0gens, art\u00edculs, etc.). El contingut incrustat d&#8217;atres web es comporta exactament de la mateixa manera que si hagueres visitat l&#8217;atra web.<\/p>\n\n\n\n<p style=\"text-align:justify\">Estos llocs Web poden recopilar senyes sobre tu, utilisar cookies, incrustar un c\u00f2dic de seguiment adicional de tercers, i supervisar la teua interacci\u00f3 usant este c\u00f2dic.<\/p>\n\n\n\n<h4 class=\"wp-block-heading\">8. Pol\u00edtica de Cookies<\/h4>\n\n\n\n<p style=\"text-align:justify\">Per a que LA WEB funcione correctament necessita utilisar cookies, que \u00e9s una informaci\u00f3 que s&#8217;almagasena en el teu navegador web.<\/p>\n\nEn la p\u00e1gina <a href=\"https:\/\/pilarsantfrancesc.es\/val\/wp-content\/uploads\/sites\/2\/2026\/02\/Triador-scaled-1.jpgpolitica-de-cookies\/\" rel=\"noreferrer noopener\" target=\"_blank\">Pol\u00edtica de Cookies<\/a> puedes consultar toda la informaci\u00f3n relativa a la pol\u00edtica de recogida y tratamiento de las cookies.\n\n\n\n<h4 class=\"wp-block-heading\">9. Llegitimaci\u00f3 per al tractament de senyes<\/h4>\n\n\n\n<p style=\"text-align:justify\">La base llegal per al tractament de les teues senyes \u00e9s: el consentiment.<\/p>\n\n\n\n<p style=\"text-align:justify\">Per a contactar en el TITULAR, subscriure&#8217;s a un bollet\u00ed o realisar comentaris en LA WEB t\u00e9 que acceptar la present Pol\u00edtica de Privacitat.<\/p>\n\n\n\n<h4 class=\"wp-block-heading\">10. Categories de senyes personals<\/h4>\n\n\n\n<p style=\"text-align:justify\">Les categories de senyes personals que tracta el TITULAR s\u00f3n:<\/p>\n\n\n\n<ul><li>Senyes identificatives.<\/li><li>No es tracten categories de senyes especialment protegides.<\/li><\/ul>\n\n\n\n<h4 class=\"wp-block-heading\">11. Conservaci\u00f3 de senyes personals<\/h4>\n\n\n\n<p style=\"text-align:justify\">Les senyes personals que proporcione al TITULAR es conservaran fins que solicite la seua supressi\u00f3.<\/p>\n\n\n\n<h4 class=\"wp-block-heading\">12. Destinataris de senyes personals<\/h4>\n\n\n\n<p style=\"text-align:justify\">Google Analytics \u00e9s un servici d&#8217;anal\u00edtica web prestat per Google, Inc., una companyia de Delaware cuya oficina principal est\u00e0 en 1600 Amphitheatre Parkway, Mountain View (Calif\u00f2rnia), CA 94043, Estats Units (&#8220;Google&#8221;).<br>M\u00e9s informaci\u00f3 en: <a href=\"https:\/\/analytics.google.com\">https:\/\/analytics.google.com<\/a><br>Google Analytics utilisa &#8220;cookies&#8221;, que s\u00f3n archius de text ubicats en el teu ordenador, per a ajudar al TITULAR a analisar l&#8217;us que fan els USUARIS del lloc Web. L&#8217;informaci\u00f3 que genera la cookie sobre l&#8217;us del lloc Web (incloent la direcci\u00f3 IP) ser\u00e0 directament transmesa i archivada per Google en els servidors d&#8217;Estats Units.<\/p>\n\n\n\n<p style=\"text-align:justify\">En la p\u00e0gina de <a href=\"https:\/\/policies.google.com\/privacy?hl=es\">Pol\u00edtica de privacitat de Google<\/a> s&#8217;explica c\u00f3m Google gestiona la privacitat pel que respecta a l&#8217;us de les cookies i una atra informaci\u00f3.<\/p>\n\n\n\n<p style=\"text-align:justify\">Tamb\u00e9 pot vore una llista dels <a href=\"https:\/\/policies.google.com\/technologies\/types?hl=\u00e9s\">tipos de cookies<\/a> que utilisa Google i els seus colaboradors i tota l&#8217;informaci\u00f3 relativa a l&#8217;us que fan de les <a href=\"https:\/\/policies.google.com\/technologies\/ads?hl=\u00e9s\">cookies publicit\u00e0ries<\/a>.<\/p>\n\n\n\n<h4 class=\"wp-block-heading\">13. Navegaci\u00f3 Web<\/h4>\n\n\n\n<p style=\"text-align:justify\">En navegar per LA WEB es poden arreplegar senyes no identificatives, que poden incloure, la direcci\u00f3 IP, geolocalisaci\u00f3, un registre de c\u00f3m s&#8217;utilisen els servicis i llocs, h\u00e0bits de navegaci\u00f3 i atres senyes que no poden ser utilisades per a identificar-li.<\/p>\n\n\n\n<p style=\"text-align:justify\">LA WEB utilisa les seg\u00fcents servicis d&#8217;an\u00e1lisis de tercers:<\/p>\n\n\n\n<ul class=\"wp-block-list\">\n<li>Google Analytics<\/li>\n<\/ul>\n\n\n\n<p style=\"text-align:justify\">El TITULAR utilisa l&#8217;informaci\u00f3 obtinguda per a obtindre senyes estad\u00edstiques, analisar tend\u00e8ncies, administrar el lloc, estudiar patrons de navegaci\u00f3 i per a recopilar informaci\u00f3 demogr\u00e0fica.<\/p>\n\n\n\n<h4 class=\"wp-block-heading\">14. Exactitut i veracitat de les senyes personals<\/h4>\n\n\n\n<p style=\"text-align:justify\">Se compromet a que les senyes facilitades al TITULAR siguen correctes, completes, exactes i vigents, aixina com a mantindre-les degudament actualisades.<\/p>\n\n\n\n<p style=\"text-align:justify\">Com a USUARI del lloc Web eres l&#8217;\u00fanic responsable de la veracitat i correcci\u00f3 de les senyes remeses al lloc Web exonerant a l&#8217;Agrupaci\u00f3 El Pilar Sant Francesc de qualsevol responsabilitat al respecte.<\/p>\n\n\n\n<h4 class=\"wp-block-heading\">15. Acceptaci\u00f3 i consentiment<\/h4>\n\n\n\n<p style=\"text-align:justify\">Com a USUARI de LA WEB declara haver segut informat de les condicions sobre protecci\u00f3 de senyes de car\u00e0cter personal, accepta i consentix el tractament dels mateixos per part del TITULAR en la forma i per a les finalitats indicades en esta Pol\u00edtica de Privacitat.<\/p>\n\n\n\n<h4 class=\"wp-block-heading\">16. Revocabilitat<\/h4>\n\n\n\n<p style=\"text-align:justify\">Per a eixercitar els seus drets d&#8217;acc\u00e9s, rectificaci\u00f3, cancelaci\u00f3 i oposici\u00f3 t\u00e9 que enviar un correu electr\u00f2nic a <a href=\"mailto:presidencia@pilarsantfrancesc.es\">presidencia@pilarsantfrancesc.es<\/a> junt en la prova v\u00e0lida en dret com una fotoc\u00f2pia del N.I.F. o equivalent.<\/p>\n\n\n\n<p style=\"text-align:justify\">L&#8217;eixercici d&#8217;estos drets no inclou cap senya que el TITULAR estiga obligat a conservar en fins administratius, llegals o de seguritat.<\/p>\n\n\n\n<h4 class=\"wp-block-heading\">17. Canvis en la Pol\u00edtica de Privacitat<\/h4>\n\n\n\n<p style=\"text-align:justify\">El TITULAR es reserva el dret a modificar la present Pol\u00edtica de Privacitat per a adaptar-la a novetats llegislatives o jurisprudenciales, aixina com a pr\u00e0ctiques de l&#8217;ind\u00fastria.<\/p>\n\n\n\n<p style=\"text-align:justify\">Estes pol\u00edtiques estaran vigents fins que siguen modificades per unes atres degudament publicades.<\/p>\n","protected":false},"excerpt":{"rendered":"<p>L&#8217;Agrupaci\u00f3 El Pilar Sant Francesc (en avant, el &#8220;TITULAR&#8221;), t&#8217;informa sobre la seua Pol\u00edtica de Privacitat respecte al tractament i protecci\u00f3 de les senyes de car\u00e0cter personal dels usuaris i clients que puguen ser recaptats per la navegaci\u00f3 o contrataci\u00f3 de servicis a trav\u00e9s del lloc web https:\/\/pilarsantfrancesc.es\/val (en avant, LA WEB). En este sentit, [&hellip;]<\/p>\n","protected":false},"author":6,"featured_media":0,"parent":0,"menu_order":0,"comment_status":"closed","ping_status":"closed","template":"","meta":{"_monsterinsights_skip_tracking":false,"_monsterinsights_sitenote_active":false,"_monsterinsights_sitenote_note":"","_monsterinsights_sitenote_category":0,"jetpack_post_was_ever_published":false,"footnotes":""},"class_list":["post-507","page","type-page","status-publish","hentry"],"aioseo_notices":[],"jetpack-related-posts":[{"id":445,"url":"https:\/\/pilarsantfrancesc.es\/val\/avis-llegal\/","url_meta":{"origin":507,"position":0},"title":"Av\u00eds Llegal","author":"imacuchc","date":"27 Maig, 2019","format":false,"excerpt":"1. IDENTIFICACI\u00d3 I TITULARITAT En compliment en el deure d'informaci\u00f3 arreplegat en l'art\u00edcul 10 de la Llei 34\/2002, d'11 de juliol, de Servicis de la Societat de l'Informaci\u00f3 i del Comer\u00e7 Electr\u00f2nic (LSSI), el TITULAR expon les seues senyes identificatives: Titular:AGRUPACI\u00d3 EL PILAR SANT FRANCESC. CIF:G46896916. Inscripci\u00f3 Registre Nacional i\u2026","rel":"","context":"Similar post","block_context":{"text":"Similar post","link":""},"img":{"alt_text":"","src":"","width":0,"height":0},"classes":[]},{"id":511,"url":"https:\/\/pilarsantfrancesc.es\/val\/politica-de-cookies\/","url_meta":{"origin":507,"position":1},"title":"Pol\u00edtica de Cookies","author":"imacuchc","date":"4 Juny, 2019","format":false,"excerpt":"En compliment en lo dispost en l'art\u00edcul 22.2 de la Llei 34\/2002, d'11 de juliol, de Servicis de la Societat de l'Informaci\u00f3 i de Comer\u00e7 Electr\u00f2nic, L'AGRUPACI\u00d3 EL PILAR SANT FRANCESC (en avant, el \"TITULAR\"), l'informa de que pot recopilar informaci\u00f3 sobre els h\u00e0bits de b\u00fasqueda dels usuaris de la\u2026","rel":"","context":"Similar post","block_context":{"text":"Similar post","link":""},"img":{"alt_text":"","src":"","width":0,"height":0},"classes":[]},{"id":384,"url":"https:\/\/pilarsantfrancesc.es\/val\/contacte\/","url_meta":{"origin":507,"position":2},"title":"Contacte","author":"imacuchc","date":"26 Maig, 2019","format":false,"excerpt":"Estos s\u00f3n els correus electr\u00f2nics de l'Agrupaci\u00f3 i del Sector. Si vols posar-te en contacte en el president, secretaria, mijos de comunicaci\u00f3, tesoreria, delegats del sector o inscriure't en els Campeonats, solament tens que fer clic sobre la direcci\u00f3 i enviar-nos un correu electr\u00f2nic. Presid\u00e8ncia: presidencia@pilarsantfrancesc.es Secretaria: secretaria@pilarsantfrancesc.es Tesoreria: tesoreria@pilarsantfrancesc.es\u2026","rel":"","context":"Similar post","block_context":{"text":"Similar post","link":""},"img":{"alt_text":"Image Correu Electr\u00f2nic","src":"https:\/\/i0.wp.com\/pilarsantfrancesc.es\/val\/wp-content\/uploads\/sites\/2\/2026\/02\/Triador-scaled-1.jpgwp-content\/uploads\/sites\/2\/2023\/12\/correu-electronic.png?resize=350%2C200","width":350,"height":200},"classes":[]},{"id":7429,"url":"https:\/\/pilarsantfrancesc.es\/val\/ffmm-i-presis-aepsf\/","url_meta":{"origin":507,"position":3},"title":"FFMM i Presis AEPSF","author":"imacuchc","date":"23 Abril, 2021","format":false,"excerpt":"2025-2026 2024-2025 2023-20242022-2023 2021-2022 2020-2021 2019-2020 2018-2019 2017-2018 2016-2017 2015-2016 2014-2015 2013-2014 2012-2013 2011-2012 2010-2011 2009-2010 2008-2009 2007-2008 2006-2007 2005-2006 2004-2005 2003-2004 2002-2003 2001-2002 2000-2001 1999-2000 1998-1999 1997-1998 1996-1997 1995-1996 1994-1995 1993-1994 1992-1993 1991-1992","rel":"","context":"Similar post","block_context":{"text":"Similar post","link":""},"img":{"alt_text":"Escudo AEPSF","src":"http:\/\/pilarsantfrancesc.es\/val\/wp-content\/uploads\/sites\/2\/2026\/02\/Triador-scaled-1.jpgescudo_epsf_elipse-1\/?fit=400%2C400&ssl=1","width":350,"height":200},"classes":[]},{"id":1111,"url":"https:\/\/pilarsantfrancesc.es\/val\/esbossos\/","url_meta":{"origin":507,"position":4},"title":"Esbossos","author":"imacuchc","date":"26 Decembre, 2019","format":false,"excerpt":"Fes clic sobre l'any que t'interessa vore: Any 2025Any 2024Any 2023Any 2022Any 2020+1Any 2019Any 2018Any 2017Any 2016Any 2015Any 2014Any 2013 (En construcci\u00f3)","rel":"","context":"Similar post","block_context":{"text":"Similar post","link":""},"img":{"alt_text":"Escudo AEPSF","src":"https:\/\/i0.wp.com\/pilarsantfrancesc.es\/val\/wp-content\/uploads\/sites\/2\/2026\/02\/Triador-scaled-1.jpgwp-content\/uploads\/sites\/2\/2019\/05\/escudo_epsf_elipse-1.png?resize=350%2C200","width":350,"height":200},"classes":[]},{"id":7265,"url":"https:\/\/pilarsantfrancesc.es\/val\/esbossos\/any-2016\/","url_meta":{"origin":507,"position":5},"title":"Any 2016","author":"imacuchc","date":"7 Mar\u00e7, 2021","format":false,"excerpt":"Ac\u00ed teniu els esbossos que es varen presentar en la nostra Agrupaci\u00f3 el 27 de novembre de 2015 en la\u00a0V Exposici\u00f3 d'Esbossos de l'Agrupaci\u00f3. I tamb\u00e9 podeu vore les fotografies dels monuments que es varen plantar en les nostres demarcacions del 15 al 19 de mar\u00e7 de 2016: (Fotos de\u00a0CENDRA\u2026","rel":"","context":"Similar post","block_context":{"text":"Similar post","link":""},"img":{"alt_text":"","src":"","width":0,"height":0},"classes":[]}],"jetpack_sharing_enabled":true,"_links":{"self":[{"href":"https:\/\/pilarsantfrancesc.es\/val\/wp-json\/wp\/v2\/pages\/507","targetHints":{"allow":["GET"]}}],"collection":[{"href":"https:\/\/pilarsantfrancesc.es\/val\/wp-json\/wp\/v2\/pages"}],"about":[{"href":"https:\/\/pilarsantfrancesc.es\/val\/wp-json\/wp\/v2\/types\/page"}],"author":[{"embeddable":true,"href":"https:\/\/pilarsantfrancesc.es\/val\/wp-json\/wp\/v2\/users\/6"}],"replies":[{"embeddable":true,"href":"https:\/\/pilarsantfrancesc.es\/val\/wp-json\/wp\/v2\/comments?post=507"}],"version-history":[{"count":2,"href":"https:\/\/pilarsantfrancesc.es\/val\/wp-json\/wp\/v2\/pages\/507\/revisions"}],"predecessor-version":[{"id":12003,"href":"https:\/\/pilarsantfrancesc.es\/val\/wp-json\/wp\/v2\/pages\/507\/revisions\/12003"}],"wp:attachment":[{"href":"https:\/\/pilarsantfrancesc.es\/val\/wp-json\/wp\/v2\/media?parent=507"}],"curies":[{"name":"wp","href":"https:\/\/api.w.org\/{rel}","templated":true}]}}