{"id":8997,"date":"2020-03-01T18:59:10","date_gmt":"2020-03-01T17:59:10","guid":{"rendered":"https:\/\/pilarsantfrancesc.es\/val\/?page_id=8997"},"modified":"2026-03-28T10:58:02","modified_gmt":"2026-03-28T09:58:02","slug":"2019-2020","status":"publish","type":"page","link":"https:\/\/pilarsantfrancesc.es\/val\/ffmm-i-presis-aepsf\/2019-2020\/","title":{"rendered":"2019-20"},"content":{"rendered":"\n<p>Falleres Majors i Presidents de les Falles de l&#8217;Agrupaci\u00f3 de l&#8217;eixercici 2019-2020<\/p>\n\n\n\n<div class=\"wp-block-jetpack-slideshow aligncenter\" data-autoplay=\"true\" data-delay=\"5\" data-effect=\"slide\"><div class=\"wp-block-jetpack-slideshow_container swiper-container\"><ul class=\"wp-block-jetpack-slideshow_swiper-wrapper swiper-wrapper\"><li class=\"wp-block-jetpack-slideshow_slide swiper-slide\"><figure><img data-recalc-dims=\"1\" height=\"478\" width=\"640\" decoding=\"async\" alt=\"\" class=\"wp-block-jetpack-slideshow_image wp-image-6895\" data-id=\"6895\" src=\"https:\/\/i0.wp.com\/pilarsantfrancesc.es\/val\/wp-content\/uploads\/sites\/2\/2026\/02\/Triador-scaled-1.jpgwp-content\/uploads\/sites\/2\/2020\/03\/1.-de-front_murillo-scaled-2-1024x765.jpg?resize=640%2C478&#038;ssl=1\"\/><figcaption class=\"wp-block-jetpack-slideshow_caption gallery-caption\"><strong>Falla Murillo i Palomar<\/strong><br>FMI: Val\u00e8ria Arroyo i Torres<br>FM: Amparo Carre\u00f1o i Aguilar<br>P: Jes\u00fas S\u00e1nchez-G\u00f3mez i Valero<\/figcaption><\/figure><\/li><li class=\"wp-block-jetpack-slideshow_slide swiper-slide\"><figure><img data-recalc-dims=\"1\" height=\"459\" width=\"640\" decoding=\"async\" alt=\"\" class=\"wp-block-jetpack-slideshow_image wp-image-6899\" data-id=\"6899\" src=\"https:\/\/i0.wp.com\/pilarsantfrancesc.es\/val\/wp-content\/uploads\/sites\/2\/2026\/02\/Triador-scaled-1.jpgwp-content\/uploads\/sites\/2\/2020\/03\/2.-de-front_avinguda-de-loest-1024x734.jpg?resize=640%2C459&#038;ssl=1\"\/><figcaption class=\"wp-block-jetpack-slideshow_caption gallery-caption\"><strong>Falla Avinguda de l&#8217;Oest &#8220;Els Velluters&#8221;<\/strong><br>FMI: Nuria Ferrando i Igual<br>FM: Mar\u00eda Mart\u00edn i Mar\u00edn<br>P: Carlos Vicent i Andr\u00e9s<\/figcaption><\/figure><\/li><li class=\"wp-block-jetpack-slideshow_slide swiper-slide\"><figure><img data-recalc-dims=\"1\" height=\"426\" width=\"640\" decoding=\"async\" alt=\"\" class=\"wp-block-jetpack-slideshow_image wp-image-6897\" data-id=\"6897\" src=\"https:\/\/i0.wp.com\/pilarsantfrancesc.es\/val\/wp-content\/uploads\/sites\/2\/2026\/02\/Triador-scaled-1.jpgwp-content\/uploads\/sites\/2\/2020\/03\/3.-de-front_bolseria-scaled-1-1024x682.jpg?resize=640%2C426&#038;ssl=1\"\/><figcaption class=\"wp-block-jetpack-slideshow_caption gallery-caption\"><strong>Falla Bolseria Tros-Alt<\/strong><br>FMI: Carla Vicente i Alfonso<br>FM: Emilia Ruiz i Navarro<br>PI: Kike Gand\u00eda i Ruiz<br>P: Carlos Vicente i Adri\u00e1n<\/figcaption><\/figure><\/li><li class=\"wp-block-jetpack-slideshow_slide swiper-slide\"><figure><img data-recalc-dims=\"1\" height=\"531\" width=\"640\" decoding=\"async\" alt=\"\" class=\"wp-block-jetpack-slideshow_image wp-image-6898\" data-id=\"6898\" src=\"https:\/\/i0.wp.com\/pilarsantfrancesc.es\/val\/wp-content\/uploads\/sites\/2\/2026\/02\/Triador-scaled-1.jpgwp-content\/uploads\/sites\/2\/2020\/03\/4.-de-front_quart-palomar-scaled-1-1024x850.jpg?resize=640%2C531&#038;ssl=1\"\/><figcaption class=\"wp-block-jetpack-slideshow_caption gallery-caption\"><strong>Falla Quart i Palomar<\/strong><br>FMI: \u00c1frica Rodrigo i Usano<br>FM: Carla Juli\u00e1 i Fern\u00e1ndez<br>PI: \u00c1lvaro Herrero i Iniesta<br>P&#8217;s: Roberto Tebar i Leal,\u00a0Javier Sebasti\u00e1n i Cebri\u00e1n i Idaisa Mir\u00f3 i Carrasquer<\/figcaption><\/figure><\/li><li class=\"wp-block-jetpack-slideshow_slide swiper-slide\"><figure><img data-recalc-dims=\"1\" height=\"630\" width=\"640\" decoding=\"async\" alt=\"\" class=\"wp-block-jetpack-slideshow_image wp-image-6908\" data-id=\"6908\" src=\"https:\/\/i0.wp.com\/pilarsantfrancesc.es\/val\/wp-content\/uploads\/sites\/2\/2026\/02\/Triador-scaled-1.jpgwp-content\/uploads\/sites\/2\/2020\/03\/5.-de-front_peu-de-la-creu-1024x1008.jpg?resize=640%2C630&#038;ssl=1\"\/><figcaption class=\"wp-block-jetpack-slideshow_caption gallery-caption\"><strong>Falla Peu de la Creu &#8211; En Joan de Vilarrasa<\/strong><br>FMI: Candela Cervera i Ballester<br>PI: \u00c1lvaro Pastor i Mart\u00edn<br>P&#8217;s: Jos\u00e9 Manuel Alarc\u00f3n i Medina, Jose Vicente Escrib\u00e1 i Ponce, Amadeo Serrador i Aguirre i Juan Jos\u00e9 Galve i Vicente<\/figcaption><\/figure><\/li><li class=\"wp-block-jetpack-slideshow_slide swiper-slide\"><figure><img data-recalc-dims=\"1\" height=\"451\" width=\"640\" decoding=\"async\" alt=\"\" class=\"wp-block-jetpack-slideshow_image wp-image-6900\" data-id=\"6900\" src=\"https:\/\/i0.wp.com\/pilarsantfrancesc.es\/val\/wp-content\/uploads\/sites\/2\/2026\/02\/Triador-scaled-1.jpgwp-content\/uploads\/sites\/2\/2020\/03\/6.-de-front_pilar-scaled-1-1024x722.jpg?resize=640%2C451&#038;ssl=1\"\/><figcaption class=\"wp-block-jetpack-slideshow_caption gallery-caption\"><strong>Falla Pla\u00e7a del Pilar<\/strong><br>FMI: Aitana Torres i L\u00f3pez<br>FM: Mar\u00eda Albors i Calduch<br>PI: Javier Carabal i Torres<br>P: Jos\u00e9 Javier L\u00f3pez i Llop<\/figcaption><\/figure><\/li><li class=\"wp-block-jetpack-slideshow_slide swiper-slide\"><figure><img data-recalc-dims=\"1\" height=\"469\" width=\"640\" decoding=\"async\" alt=\"\" class=\"wp-block-jetpack-slideshow_image wp-image-6901\" data-id=\"6901\" src=\"https:\/\/i0.wp.com\/pilarsantfrancesc.es\/val\/wp-content\/uploads\/sites\/2\/2026\/02\/Triador-scaled-1.jpgwp-content\/uploads\/sites\/2\/2020\/03\/7.-de-front_triador-scaled-1-1024x751.jpg?resize=640%2C469&#038;ssl=1\"\/><figcaption class=\"wp-block-jetpack-slideshow_caption gallery-caption\"><strong>Falla G. Castro, Triador i Sant Pere Pasqual<\/strong><br>FM: Inma Chuli\u00e0 i Cant\u00f3<br>P&#8217;s: Adri\u00e1n D\u00edaz i Jim\u00e9nez, Alan D\u00edaz i Ruiz,\u00a0Javier\u00a0Castellanos\u00a0i Blancart, Susana Gallel i Garc\u00eda i Rosa L\u00f3pez i Mar\u00edn<\/figcaption><\/figure><\/li><li class=\"wp-block-jetpack-slideshow_slide swiper-slide\"><figure><img data-recalc-dims=\"1\" loading=\"lazy\" decoding=\"async\" width=\"640\" height=\"492\" alt=\"\" class=\"wp-block-jetpack-slideshow_image wp-image-6902\" data-id=\"6902\" src=\"https:\/\/i0.wp.com\/pilarsantfrancesc.es\/val\/wp-content\/uploads\/sites\/2\/2026\/02\/Triador-scaled-1.jpgwp-content\/uploads\/sites\/2\/2020\/03\/8.-de-front_s.-vicente-scaled-1-1024x787.jpg?resize=640%2C492&#038;ssl=1\" srcset=\"https:\/\/i0.wp.com\/pilarsantfrancesc.es\/val\/wp-content\/uploads\/sites\/2\/2020\/03\/8.-de-front_s.-vicente-scaled-1.jpg?resize=1024%2C787&amp;ssl=1 1024w, https:\/\/i0.wp.com\/pilarsantfrancesc.es\/val\/wp-content\/uploads\/sites\/2\/2020\/03\/8.-de-front_s.-vicente-scaled-1.jpg?resize=650%2C500&amp;ssl=1 650w, https:\/\/i0.wp.com\/pilarsantfrancesc.es\/val\/wp-content\/uploads\/sites\/2\/2020\/03\/8.-de-front_s.-vicente-scaled-1.jpg?resize=768%2C590&amp;ssl=1 768w, https:\/\/i0.wp.com\/pilarsantfrancesc.es\/val\/wp-content\/uploads\/sites\/2\/2020\/03\/8.-de-front_s.-vicente-scaled-1.jpg?resize=1536%2C1181&amp;ssl=1 1536w, https:\/\/i0.wp.com\/pilarsantfrancesc.es\/val\/wp-content\/uploads\/sites\/2\/2020\/03\/8.-de-front_s.-vicente-scaled-1.jpg?resize=2048%2C1574&amp;ssl=1 2048w, https:\/\/i0.wp.com\/pilarsantfrancesc.es\/val\/wp-content\/uploads\/sites\/2\/2020\/03\/8.-de-front_s.-vicente-scaled-1.jpg?resize=151%2C116&amp;ssl=1 151w, https:\/\/i0.wp.com\/pilarsantfrancesc.es\/val\/wp-content\/uploads\/sites\/2\/2020\/03\/8.-de-front_s.-vicente-scaled-1.jpg?w=1280&amp;ssl=1 1280w, https:\/\/i0.wp.com\/pilarsantfrancesc.es\/val\/wp-content\/uploads\/sites\/2\/2020\/03\/8.-de-front_s.-vicente-scaled-1.jpg?w=1920&amp;ssl=1 1920w\" sizes=\"(max-width: 640px) 100vw, 640px\" \/><figcaption class=\"wp-block-jetpack-slideshow_caption gallery-caption\"><strong>Falla Sant Vicent &#8211; Periodiste Azzati i Padilla<\/strong><br>FMI: Martina P\u00e9rez i Miralles<br>FM: Patricia Cobacho i Juan<br>PI: Ximo Ca\u00f1adas i Jord\u00e1<br>P: Miguel \u00c1ngel del Barrio i de la Torre<\/figcaption><\/figure><\/li><li class=\"wp-block-jetpack-slideshow_slide swiper-slide\"><figure><img data-recalc-dims=\"1\" height=\"434\" width=\"640\" decoding=\"async\" alt=\"\" class=\"wp-block-jetpack-slideshow_image wp-image-6903\" data-id=\"6903\" src=\"https:\/\/i0.wp.com\/pilarsantfrancesc.es\/val\/wp-content\/uploads\/sites\/2\/2026\/02\/Triador-scaled-1.jpgwp-content\/uploads\/sites\/2\/2020\/03\/9.-de-front_en-sendra-scaled-1-1024x695.jpg?resize=640%2C434&#038;ssl=1\"\/><figcaption class=\"wp-block-jetpack-slideshow_caption gallery-caption\"><strong>Falla En Sendra &#8211; Pla\u00e7a Coll &#8220;El Tro&#8221;<\/strong><br>FMI: Paula Perera i L\u00e9rida<br>FM: Mar\u00eda Amparo Ric\u00f3s i P\u00e9rez<br>P&#8217;s: Laura Crespo i Cano, Sergio Vila i V\u00e1zquez, Francisco Calomarde i Corrocher i C\u00e9sar Ferrero i Gil<\/figcaption><\/figure><\/li><li class=\"wp-block-jetpack-slideshow_slide swiper-slide\"><figure><img data-recalc-dims=\"1\" height=\"446\" width=\"640\" decoding=\"async\" alt=\"\" class=\"wp-block-jetpack-slideshow_image wp-image-6904\" data-id=\"6904\" src=\"https:\/\/i0.wp.com\/pilarsantfrancesc.es\/val\/wp-content\/uploads\/sites\/2\/2026\/02\/Triador-scaled-1.jpgwp-content\/uploads\/sites\/2\/2020\/03\/10.-de-front_en-plom-scaled-1-1024x714.jpg?resize=640%2C446&#038;ssl=1\"\/><figcaption class=\"wp-block-jetpack-slideshow_caption gallery-caption\"><strong>Falla En Plom i Guillem de Castro<\/strong><br>FM: \u00c1ngela Minguet i Almela<br>P: Nani Niza i Rodrigo<\/figcaption><\/figure><\/li><li class=\"wp-block-jetpack-slideshow_slide swiper-slide\"><figure><img data-recalc-dims=\"1\" height=\"438\" width=\"640\" decoding=\"async\" alt=\"\" class=\"wp-block-jetpack-slideshow_image wp-image-6905\" data-id=\"6905\" src=\"https:\/\/i0.wp.com\/pilarsantfrancesc.es\/val\/wp-content\/uploads\/sites\/2\/2026\/02\/Triador-scaled-1.jpgwp-content\/uploads\/sites\/2\/2020\/03\/11.-de-front_g.-sorolla-scaled-1-1024x700.jpg?resize=640%2C438&#038;ssl=1\"\/><figcaption class=\"wp-block-jetpack-slideshow_caption gallery-caption\"><strong>Falla Guillem Sorolla i Recaredo<\/strong><br>FMI: Elisabeth Mart\u00ednez i Bataller<br>FM: Amparo Peris i Perpi\u00f1\u00e1<br>P: Carles Berriales i Arlandis<\/figcaption><\/figure><\/li><li class=\"wp-block-jetpack-slideshow_slide swiper-slide\"><figure><img data-recalc-dims=\"1\" height=\"476\" width=\"640\" decoding=\"async\" alt=\"\" class=\"wp-block-jetpack-slideshow_image wp-image-6906\" data-id=\"6906\" src=\"https:\/\/i0.wp.com\/pilarsantfrancesc.es\/val\/wp-content\/uploads\/sites\/2\/2026\/02\/Triador-scaled-1.jpgwp-content\/uploads\/sites\/2\/2020\/03\/12.-de-front_telefocc81nica-1024x762.jpg?resize=640%2C476&#038;ssl=1\"\/><figcaption class=\"wp-block-jetpack-slideshow_caption gallery-caption\"><strong>Falla Ribera &#8211; Convent Santa Clara &#8220;Telef\u00f3nica&#8221;<\/strong><br>FMI: Nora Ruiz i Montalt<br>FM: Silvia Fraile i Gil<br>PI: Miguel \u00c1ngel P\u00e9rez i Vall\u00e9s<br>P: Jose Enrique Fraile i Campillo<\/figcaption><\/figure><\/li><\/ul><a class=\"wp-block-jetpack-slideshow_button-prev swiper-button-prev swiper-button-white\" role=\"button\"><\/a><a class=\"wp-block-jetpack-slideshow_button-next swiper-button-next swiper-button-white\" role=\"button\"><\/a><a aria-label=\"Pause Slideshow\" class=\"wp-block-jetpack-slideshow_button-pause\" role=\"button\"><\/a><div class=\"wp-block-jetpack-slideshow_pagination swiper-pagination swiper-pagination-white\"><\/div><\/div><\/div>\n","protected":false},"excerpt":{"rendered":"<p>Falleres Majors i Presidents de les Falles de l&#8217;Agrupaci\u00f3 de l&#8217;eixercici 2019-2020<\/p>\n","protected":false},"author":6,"featured_media":9757,"parent":7429,"menu_order":6,"comment_status":"closed","ping_status":"closed","template":"","meta":{"_monsterinsights_skip_tracking":false,"_monsterinsights_sitenote_active":false,"_monsterinsights_sitenote_note":"","_monsterinsights_sitenote_category":0,"jetpack_post_was_ever_published":false,"footnotes":""},"class_list":["post-8997","page","type-page","status-publish","has-post-thumbnail","hentry"],"aioseo_notices":[],"jetpack-related-posts":[{"id":361,"url":"https:\/\/pilarsantfrancesc.es\/val\/esbossos\/any-2019\/","url_meta":{"origin":8997,"position":0},"title":"Any 2019","author":"imacuchc","date":"26 Maig, 2019","format":false,"excerpt":"Ac\u00ed teniu els esbossos que es varen presentar en la nostra Agrupaci\u00f3 el 5 de decembre de 2018 en l'VIII Exposici\u00f3 d'Esbossos de l'Agrupaci\u00f3. I tamb\u00e9 podeu vore les fotos dels monuments que es varen plantar en les nostres demarcacions del 15 al 19 de mar\u00e7: (Fotos de CENDRA DIGITAL)\u2026","rel":"","context":"Similar post","block_context":{"text":"Similar post","link":""},"img":{"alt_text":"","src":"","width":0,"height":0},"classes":[]},{"id":7404,"url":"https:\/\/pilarsantfrancesc.es\/val\/llibrets\/","url_meta":{"origin":8997,"position":1},"title":"Llibrets","author":"imacuchc","date":"23 Abril, 2021","format":false,"excerpt":"Ac\u00ed podeu vore tots els Llibrets que l'Agrupaci\u00f3 t\u00e9 en format digital. Des de el 2010 fins al 2025 (falta el 2012). L'Agrupaci\u00f3 ya ha publicat 30 Llibrets. \u00a1Llig-los! \u00bfQu\u00e9 es un Llibret? \"El llibret t\u00e9 unes caracter\u00edstiques ben pr\u00f2pies, tan peculiars, que fins el nom no t\u00e9 una clara\u2026","rel":"","context":"Similar post","block_context":{"text":"Similar post","link":""},"img":{"alt_text":"","src":"https:\/\/i0.wp.com\/pilarsantfrancesc.es\/val\/wp-content\/uploads\/sites\/2\/2025\/05\/2025-portada-llibret.jpg?resize=350%2C200&ssl=1","width":350,"height":200,"srcset":"https:\/\/i0.wp.com\/pilarsantfrancesc.es\/val\/wp-content\/uploads\/sites\/2\/2025\/05\/2025-portada-llibret.jpg?resize=350%2C200&ssl=1 1x, https:\/\/i0.wp.com\/pilarsantfrancesc.es\/val\/wp-content\/uploads\/sites\/2\/2025\/05\/2025-portada-llibret.jpg?resize=525%2C300&ssl=1 1.5x, https:\/\/i0.wp.com\/pilarsantfrancesc.es\/val\/wp-content\/uploads\/sites\/2\/2025\/05\/2025-portada-llibret.jpg?resize=700%2C400&ssl=1 2x"},"classes":[]},{"id":138,"url":"https:\/\/pilarsantfrancesc.es\/val\/saber-mes-falles\/","url_meta":{"origin":8997,"position":2},"title":"Saber m\u00e9s \u2013 Falles","author":"imacuchc","date":"17 Maig, 2019","format":false,"excerpt":"LES FALLES s\u00f3n una festa que se celebra en Val\u00e9ncia i en diferents poblacions de la Comunitat Valenciana en molta tradici\u00f3, s\u00e0tira i art. Se celebren del 14 (Plant\u00e0) al 19 (Crem\u00e0) de mar\u00e7. La semana fallera. Encara que, oficialment, la festa comen\u00e7a l'\u00faltim dumenge de febrer en l'acte de\u2026","rel":"","context":"Similar post","block_context":{"text":"Similar post","link":""},"img":{"alt_text":"","src":"https:\/\/i0.wp.com\/pilarsantfrancesc.es\/val\/wp-content\/uploads\/sites\/2\/2019\/06\/crida-2019-saber-mes-crida-1.jpg?resize=350%2C200&ssl=1","width":350,"height":200,"srcset":"https:\/\/i0.wp.com\/pilarsantfrancesc.es\/val\/wp-content\/uploads\/sites\/2\/2019\/06\/crida-2019-saber-mes-crida-1.jpg?resize=350%2C200&ssl=1 1x, https:\/\/i0.wp.com\/pilarsantfrancesc.es\/val\/wp-content\/uploads\/sites\/2\/2019\/06\/crida-2019-saber-mes-crida-1.jpg?resize=525%2C300&ssl=1 1.5x, https:\/\/i0.wp.com\/pilarsantfrancesc.es\/val\/wp-content\/uploads\/sites\/2\/2019\/06\/crida-2019-saber-mes-crida-1.jpg?resize=700%2C400&ssl=1 2x"},"classes":[]},{"id":7429,"url":"https:\/\/pilarsantfrancesc.es\/val\/ffmm-i-presis-aepsf\/","url_meta":{"origin":8997,"position":3},"title":"FFMM i Presis AEPSF","author":"imacuchc","date":"23 Abril, 2021","format":false,"excerpt":"2025-2026 2024-2025 2023-20242022-2023 2021-2022 2020-2021 2019-2020 2018-2019 2017-2018 2016-2017 2015-2016 2014-2015 2013-2014 2012-2013 2011-2012 2010-2011 2009-2010 2008-2009 2007-2008 2006-2007 2005-2006 2004-2005 2003-2004 2002-2003 2001-2002 2000-2001 1999-2000 1998-1999 1997-1998 1996-1997 1995-1996 1994-1995 1993-1994 1992-1993 1991-1992","rel":"","context":"Similar post","block_context":{"text":"Similar post","link":""},"img":{"alt_text":"Escudo AEPSF","src":"http:\/\/pilarsantfrancesc.es\/val\/wp-content\/uploads\/sites\/2\/2026\/02\/Triador-scaled-1.jpgescudo_epsf_elipse-1\/?fit=400%2C400&ssl=1","width":350,"height":200},"classes":[]},{"id":1007,"url":"https:\/\/pilarsantfrancesc.es\/val\/esbossos\/any-2020-21\/","url_meta":{"origin":8997,"position":4},"title":"Any 2020+1","author":"imacuchc","date":"26 Decembre, 2019","format":false,"excerpt":"Ac\u00ed teniu els esbossos que es varen presentar en la nostra Agrupaci\u00f3 el 21 de decembre de 2019 en la IX Exposici\u00f3 d\u2019Esbossos de l\u2019Agrupaci\u00f3, que es varen plantar en les nostres demarcacions del 1 al 5 de setembre de 2021: (Fotos de ALEJANDRO VICENT ANDR\u00c9S) i els premis que\u2026","rel":"","context":"Similar post","block_context":{"text":"Similar post","link":""},"img":{"alt_text":"","src":"","width":0,"height":0},"classes":[]},{"id":1111,"url":"https:\/\/pilarsantfrancesc.es\/val\/esbossos\/","url_meta":{"origin":8997,"position":5},"title":"Esbossos","author":"imacuchc","date":"26 Decembre, 2019","format":false,"excerpt":"Fes clic sobre l'any que t'interessa vore: Any 2025Any 2024Any 2023Any 2022Any 2020+1Any 2019Any 2018Any 2017Any 2016Any 2015Any 2014Any 2013 (En construcci\u00f3)","rel":"","context":"Similar post","block_context":{"text":"Similar post","link":""},"img":{"alt_text":"Escudo AEPSF","src":"https:\/\/i0.wp.com\/pilarsantfrancesc.es\/val\/wp-content\/uploads\/sites\/2\/2026\/02\/Triador-scaled-1.jpgwp-content\/uploads\/sites\/2\/2019\/05\/escudo_epsf_elipse-1.png?resize=350%2C200","width":350,"height":200},"classes":[]}],"jetpack_sharing_enabled":true,"_links":{"self":[{"href":"https:\/\/pilarsantfrancesc.es\/val\/wp-json\/wp\/v2\/pages\/8997","targetHints":{"allow":["GET"]}}],"collection":[{"href":"https:\/\/pilarsantfrancesc.es\/val\/wp-json\/wp\/v2\/pages"}],"about":[{"href":"https:\/\/pilarsantfrancesc.es\/val\/wp-json\/wp\/v2\/types\/page"}],"author":[{"embeddable":true,"href":"https:\/\/pilarsantfrancesc.es\/val\/wp-json\/wp\/v2\/users\/6"}],"replies":[{"embeddable":true,"href":"https:\/\/pilarsantfrancesc.es\/val\/wp-json\/wp\/v2\/comments?post=8997"}],"version-history":[{"count":1,"href":"https:\/\/pilarsantfrancesc.es\/val\/wp-json\/wp\/v2\/pages\/8997\/revisions"}],"predecessor-version":[{"id":12777,"href":"https:\/\/pilarsantfrancesc.es\/val\/wp-json\/wp\/v2\/pages\/8997\/revisions\/12777"}],"up":[{"embeddable":true,"href":"https:\/\/pilarsantfrancesc.es\/val\/wp-json\/wp\/v2\/pages\/7429"}],"wp:featuredmedia":[{"embeddable":true,"href":"https:\/\/pilarsantfrancesc.es\/val\/wp-json\/wp\/v2\/media\/9757"}],"wp:attachment":[{"href":"https:\/\/pilarsantfrancesc.es\/val\/wp-json\/wp\/v2\/media?parent=8997"}],"curies":[{"name":"wp","href":"https:\/\/api.w.org\/{rel}","templated":true}]}}